(0). Let c = -387 + i. Calculate the highest common divisor of 15 and c.
3
Let u(p) = p**3 + 27*p**2 - 16*p + 183. Let h be u(-25). What is the highest common factor of 39 and h?
39
Let l be (-48)/36*9744/(-64). Calculate the greatest common factor of 522 and l.
29
Suppose 0 = -3*l + z + 281, 323 = 3*l - 3*z + 32. Let i(s) = -3*s + 23. Let k be i(21). Let v = k + 63. What is the highest common factor of v and l?
23
Suppose -5*h + 33 = j, 3*j - 2*h = 10 + 38. Let o be 4/6*(j + -3). Let y = 318 - 208. Calculate the highest common divisor of o and y.
10
Let j = 23307 + -16615. What is the greatest common factor of 4 and j?
4
Let s be (5/((-75)/12))/((-5)/100). Suppose -9*m - 1728 = -36*m. What is the greatest common divisor of s and m?
16
Suppose -5*g = -5*w + 60760, -4*w - 12*g + 7*g = -48635. Calculate the greatest common divisor of 187 and w.
187
Let c(n) = 102*n + 109. Let m be c(-7). Let s = m + 613. What is the greatest common divisor of 56 and s?
8
Suppose 19*t - 32*t - 99 = -16*t. What is the highest common factor of t and 979?
11
Suppose 13 = 3*c + 22, 0 = -3*b + 4*c + 60. Let f be (-2)/3 - 2190/(-45). Let o = -36 + f. What is the greatest common factor of o and b?
4
Let g be ((-18)/(-3) - (-1128)/(-235))/(9/36150). Calculate the greatest common factor of 20 and g.
20
Let d = -1735 + 1742. Let m be 90 + 5 + (-8)/2. Calculate the highest common divisor of d and m.
7
Let t(y) = 1368*y + 1211. Let h be t(13). Calculate the greatest common divisor of h and 5.
5
Let n(s) = 2*s**3 + s**2 - 5*s - 3. Let m be n(-3). Let l be (-42)/8*(m + 1). Suppose 12568*z = 12673*z - 2205. Calculate the highest common divisor of z and l.
21
Suppose -a - 2 = 0, -115*d - a - 1334 = -119*d. Calculate the greatest common divisor of d and 6549.
111
Suppose 21*h = 26*h - 160. Let j(y) = y**2 - 12*y + 59. Let t be j(5). Calculate the greatest common divisor of t and h.
8
Suppose -1016 = u - 1475. Let q = 329 + -295. Calculate the highest common divisor of u and q.
17
Let g = 248 + -245. Suppose -g*l = -5*d + 28, -3*d + d = -5*l - 15. What is the highest common divisor of d and 2?
1
Suppose -84 = 51*k - 49*k. Let h be (-11100)/k - (-4)/(-14). Suppose -h = o - 5*o. Calculate the highest common factor of 6 and o.
6
Suppose -14*q = -1139 - 24747. Suppose 0 = -11*n + 98 + q. What is the greatest common divisor of n and 59?
59
Suppose 0 = l + 5*v + 76 - 79, 5*l = -v + 111. Calculate the greatest common divisor of 5037 and l.
23
Suppose 35*p = 200087 + 114528. Calculate the highest common divisor of p and 89.
89
Suppose -3 = 3*b, 326*b - 330*b = 4*y - 44. What is the highest common divisor of 1668 and y?
12
Suppose 169*n - 62*n = 88382. Calculate the greatest common divisor of 1298 and n.
118
Suppose -h = -0*h. Suppose h = 8*z - 443 - 157. Suppose -5*c + 38 = -112. What is the greatest common divisor of c and z?
15
Let m(h) = 3*h - 58. Let w be m(18). Let r be (7 - 2 - 1) + w + 225. Calculate the highest common divisor of 25 and r.
25
Suppose 2*y = 11 - 1, b = 2*y + 8. What is the highest common divisor of 171 and b?
9
Suppose 11*y = -9*y + 3360. Suppose 2*h - 15*h + 273 = 0. Calculate the greatest common divisor of h and y.
21
Suppose -185*k = -192*k + 35. Let g be 460/k - (5 - 12). Let h = -12 + 21. What is the greatest common divisor of g and h?
9
Let z be 3*107992/114 - (-112)/1064. What is the highest common divisor of 58 and z?
58
Suppose -2*b - 360 = -7*b. Suppose 0 = -i - 2*o + 2046, 3176 - 9341 = -3*i + 3*o. Let z = -2016 + i. What is the greatest common factor of z and b?
36
Let b(j) = -3*j**3 + 91*j**2 - 17*j - 187. Let c be b(30). Let f = 14 + -7. Calculate the highest common divisor of c and f.
7
Suppose -7*k + 8*k = 14. Let i(c) = c**2 - c - 170. Let a be i(k). Calculate the greatest common factor of 24 and a.
12
Suppose -226*p + 686268 + 630090 = 334388. What is the greatest common divisor of 110 and p?
55
Let z = 13 - 12. Let h = z + 7. Let v be 20/8 - 1/2. Calculate the greatest common factor of v and h.
2
Let f(w) = 4*w - 1. Let c be f(8). Suppose -k + c = -105. Let a = 191 - k. What is the highest common divisor of a and 11?
11
Let d(h) = -2*h**2 - 93*h - 33. Let k be d(-44). What is the greatest common divisor of k and 153?
17
Let y be (0/(-5) - 2)*37/(-2). Suppose -15*w = -83 - y. What is the highest common divisor of 56 and w?
8
Let s(m) = -m**3 - 18*m**2 + 17*m - 20. Let c = -185 - -166. Let o be s(c). What is the highest common divisor of o and 9?
9
Suppose 3*u - 23*x + 21*x = 164, -5*u - 5*x = -265. What is the highest common factor of 264 and u?
6
Suppose -4*p + 8*p = -240. Let j = p + 79. Let x = -9 + j. Calculate the greatest common divisor of x and 10.
10
Let o(d) = d**2 - 2*d - 1. Let a be o(3). Suppose c + f - 215 = 0, 7*c - 1030 = a*c + 4*f. What is the greatest common factor of 35 and c?
35
Let d be (4 + 4)/8 - -2. Suppose 2*m - 2*t + 349 = 7*m, 4*m - d*t = 270. Calculate the greatest common factor of 115 and m.
23
Suppose -3*h + 62 = z, 0 = 24*z - 20*z + 5*h - 283. Suppose -4*w = -15 - 13. What is the greatest common divisor of z and w?
7
Suppose -l + 7*l + 48 = 318. What is the greatest common factor of l and 1125?
45
Suppose 0 = -4*h - 2*r + 116, -5*h + r + 60 = -85. Calculate the greatest common divisor of h and 2523.
29
Let c(a) = a**3 + 9*a**2 + 8*a + 5. Let u be c(-6). Let p be (456300/702)/((1 - -1) + 0). What is the highest common divisor of u and p?
65
Suppose 5*z - 2*g - 371 = -0*g, -5*g + 10 = 0. Suppose -7*s + z = 26. What is the greatest common factor of 413 and s?
7
Suppose -10*b + 698 = -2. Let m be b/4*(-128)/(-112). What is the highest common divisor of m and 35?
5
Suppose -6615 + 7890 = 17*o. Let b(w) = -29*w**3 + 1. Suppose 0 = 3*f + 3 - 0. Let x be b(f). What is the highest common factor of x and o?
15
Let t = -130 + 249. Let m = t + -110. Calculate the greatest common factor of 1 and m.
1
Suppose 28*s - 29*s = -298. Suppose -58 = 12*i - s. Suppose -52 = -5*t + 3*u, 2*t = -2*t - 3*u + i. What is the highest common factor of t and 1?
1
Suppose 4*b - 111 + 11 = 0. Let s be (280/b)/(((-8)/(-15))/4). Suppose 3*l = 15 + s. What is the highest common divisor of l and 3?
3
Suppose -128*q + 125*q + 2*a = -27739, 3*a - 27774 = -3*q. What is the highest common divisor of 11 and q?
11
Let v = 30509 + -30499. Calculate the highest common factor of 17410 and v.
10
Suppose 9*p + 2*r = 5*p + 186, -p + 45 = -r. Calculate the highest common divisor of 69 and p.
23
Suppose k - 534 = -497. What is the highest common divisor of k and 2479?
37
Let h be 1573/9 - (-176 - -175)/(18/4). Calculate the greatest common factor of h and 475.
25
Let l = -190 + 197. Suppose -l*i = -23*i + 832. Let h be -3*((-64)/6 - -2). What is the greatest common factor of h and i?
26
Suppose -1288 + 2730 = 90*y - 24658. What is the highest common factor of y and 4?
2
Let x(r) = -r**3 + 5*r**2 + 8*r - 36. Let l be x(-7). Suppose 14*z - 310 = 4*z. What is the highest common factor of z and l?
31
Suppose 0 = 5*q + 193 + 272. Let d = q - -94. Let h(s) = 4*s**2 - s + 1. Let f be h(d). Calculate the highest common factor of 20 and f.
4
Suppose -56 = -21*h + 13*h. Suppose q = -4*r + 134, -2*r = -h*r - 3*q + 171. Let w = 5 + -2. What is the highest common factor of r and w?
3
Let n(d) = 2*d**2 + 7*d + 3. Let x be n(-5). Suppose -7*v = -17*v + 600. Let s be 528/v + (2/2)/5. Calculate the highest common factor of x and s.
9
Let w = -454 - -684. Suppose -5*v - 2*p + w = 0, -p - 149 = -0*v - 3*v. Calculate the greatest common factor of 6 and v.
6
Let x(s) = 7*s - 28. Let h be x(4). Suppose 6*b + 0*b - 12 = h. Suppose -q - b*n + 92 = -0*q, -3*n + 90 = q. Calculate the highest common factor of 24 and q.
24
Let h(n) = n**2 + 71*n - 1015. Let i be h(-85). Calculate the highest common factor of 75 and i.
25
Suppose -4*b + 5*b - 5*i = 9, 0 = -3*b + 5*i + 37. Let h(g) = -84*g + 63. Let w be h(12). Let a = w - -959. What is the highest common factor of a and b?
14
Let d be (65/(-2))/((-15)/36). Let r be d*1 - ((0 - -1) + 2). Calculate the greatest common factor of r and 25.
25
Suppose -16 = 29*v - 45*v. Let n be -4 + (v - -3) + 2 - -22. Calculate the greatest common divisor of n and 72.
24
Let t = -10832 + 11074. Let j(y) = y**3 + 8*y**2 + 9*y + 4. Let p be j(-6). Calculate the hi